p = 28 + g. Calculate the highest common factor of p and 21.
21
Let r be (-14)/42 - (-176)/6. Let d = 33 - r. Calculate the highest common divisor of 1 and d.
1
Suppose 192*m - 213*m = -40677. What is the highest common factor of 13 and m?
13
Let z be (-3)/2*5192/(-33). What is the greatest common factor of z and 59?
59
Let z(o) = -2*o**2 + 48*o + 52. Let q be z(24). Calculate the highest common divisor of q and 6.
2
Suppose -9*n + 37 = -35. Suppose 0 = n*y - 160 - 288. Calculate the greatest common divisor of y and 7.
7
Let i = 72 - 68. Suppose -2*n + 112 = -5*p + 17, 4*n + i*p = 232. Calculate the highest common factor of n and 11.
11
Let o = -5 - -69. Let k(b) = -24*b + 8. Let j be k(0). Calculate the greatest common factor of o and j.
8
Suppose 2*r + 35*v - 511 = 30*v, 0 = -r - 2*v + 255. What is the greatest common factor of r and 22?
11
Let o = 41 + -34. Suppose o*h = -1 + 43. Suppose 4*v - 4 = 4. What is the highest common factor of v and h?
2
Suppose 5*x + 5 = -3*q, -3*q - 6 = 2*x + 5. Let i be 2/(-4 - -6) - x - -199. What is the highest common factor of i and 18?
18
Let k = -195 + 412. Calculate the highest common factor of k and 31.
31
Suppose 0 = 2*q - 0*q - 140. Let b(o) = o**2 + 706*o - 3535. Let i be b(5). What is the highest common divisor of i and q?
10
Let d be (73 - 0) + (-216)/27. Let h = 4 + 0. Let f be ((-208)/h)/(-1 - 1). Calculate the greatest common divisor of f and d.
13
Suppose 0 = -3*y + n + 7407, -3*y + 6465 = n - 948. What is the highest common factor of 95 and y?
95
Let i(k) = 12 + 13*k**2 - 11*k + 5 - 12*k**2 + 14. Let p be i(10). What is the highest common factor of p and 84?
21
Let d(m) be the first derivative of -m**4/4 + 4*m**3/3 + 5*m**2/2 + 4*m - 2. Let l = -55 - -60. Let s be d(l). What is the highest common factor of s and 4?
4
Let k be (-8)/4 + 0 - (4 + -44). What is the greatest common factor of 133 and k?
19
Suppose -5*f = -2*r + 7*r - 65, -25 = -2*r - f. Let u be ((-625)/(-7) - 4/14) + -5. What is the greatest common divisor of u and r?
12
Let p be 184 + 6/(-9)*-3. Calculate the greatest common divisor of p and 93.
93
Suppose 0 = 191*t - 189*t - 90. Calculate the highest common factor of 10 and t.
5
Suppose 3*q + q - 56 = 0. Let p = 178 - 174. What is the greatest common factor of q and p?
2
Let h be 253/2*2 + -1. Let s(r) = r**3 + 9*r**2 - 12*r - 162. Let d be s(-6). What is the highest common divisor of h and d?
18
Suppose 6 = 5*g - 9. Suppose -7*v + 73 = g. Calculate the greatest common factor of v and 90.
10
Let t = 3 + -15. Let c be t/8*4/3. Let h be c - -1 - 54/(-3). Calculate the highest common divisor of 85 and h.
17
Let t = 132 + 11. What is the greatest common factor of t and 26?
13
Let j be 43/4 - 24/32. Calculate the highest common divisor of 32 and j.
2
Let h be 9*(2 + 12/(-9)). Let j(f) = -f**3 - 17*f**2 - 16*f + 42. Let m be j(-16). What is the highest common divisor of h and m?
6
Let g = -1 - -4. Let i = -100 + 130. Suppose g*q = -2*q + i. Calculate the greatest common divisor of q and 18.
6
Let o = -330 + 345. What is the highest common factor of 5 and o?
5
Suppose -20 = -170*j + 165*j. What is the highest common factor of j and 74?
2
Let a = 30 - 27. Suppose 15*d - 24 = 14*d - 5*p, 5*d - 4*p = 120. Calculate the greatest common divisor of a and d.
3
Let r = 3 + 24. Let y be r/(-9)*(124/(-6) - -2). Calculate the greatest common factor of 42 and y.
14
Suppose -3*k + 35 = -7. Let z be 2/(-5) + (-144)/(-10). Calculate the highest common factor of z and k.
14
Suppose -4*n - 3*t = 31, 3*t - 4 = -2*n - 27. Let u be 159/33 - n/22. Suppose 0 = -u*b + 36 + 24. Calculate the highest common factor of 30 and b.
6
Suppose 2737 = 7*b - 1799. Calculate the highest common divisor of b and 36.
36
Suppose 45 = 2*a + 5*s, 0 = 5*a - 2*s - 111 + 13. Let q(i) = -138*i - 2. Let v be q(-3). Suppose 132 = -2*l + v. Calculate the highest common factor of l and a.
20
Let q = -26 + 29. Suppose -121 = -3*w - 2*n + 3*n, q*w - 133 = -5*n. Let j = 89 + w. What is the greatest common divisor of j and 52?
26
Let m be -6 + (522 - 7) + 9. What is the greatest common divisor of m and 222?
74
Suppose q = 4*q - 15. Let a be 27/12*(-1 + q). Suppose 4*h - 7 = o, -4*h + a*h - 10 = 0. Calculate the greatest common factor of o and 11.
1
Let d(y) = 3*y**2 + 2*y + 2. Suppose -3*w - q + 2 = 0, 0 = -2*w + 2*q - q - 7. Let l be d(w). Let s = 11 - l. What is the greatest common factor of s and 88?
8
Let r = -19 - -21. Suppose 0 = -r*z + z + 26. What is the highest common factor of 13 and z?
13
Suppose 5*b + 20 = 5*m, 6 = 5*b - 4*m + 22. Suppose b = -3*z + 5*z - 230. Calculate the highest common factor of 46 and z.
23
Suppose 0 = -5*x + g - 239, -4*x - 184 = 9*g - 8*g. Let d be 12/(-6) + 3 + 3 - x. Let y = 60 - 26. Calculate the greatest common factor of d and y.
17
Let w(a) = -a**3 + 5*a**2 - 4*a + 3. Let t be w(4). Let m = 13 + t. Let b = -2 + m. What is the greatest common divisor of 7 and b?
7
Let d(r) = 14*r**2 + 63*r - 4. Let p be d(-5). Calculate the highest common factor of p and 961.
31
Suppose 0 = 427*h - 433*h + 540. What is the greatest common divisor of 72 and h?
18
Suppose 0 = 5*x - 46 - 124. Suppose 21*l - 22*l = -17. What is the highest common divisor of x and l?
17
Let i = 199 - 139. Calculate the greatest common factor of i and 240.
60
Let x = 29030 + -29028. Suppose 2*j - 3*j = -4. Let z be 16*(-1 + 6/j). Calculate the greatest common factor of x and z.
2
Let c be (-10)/(-3)*-3 - -1. Let i be c/27 - (-190)/(-6). Let w = 28 - i. What is the greatest common divisor of 24 and w?
12
Suppose -12 - 3 = -5*w. Suppose 1 = -3*j - g + 20, 2*j - 31 = w*g. What is the greatest common divisor of j and 56?
8
Let o = -46 - -46. Let x be 1 + 27 - 1/(o - -1). Calculate the highest common divisor of x and 81.
27
Suppose 5*s - 85 = -0*i - 5*i, 44 = 4*i - 4*s. Let y(o) = 6*o**2 + 17*o + 11. Let r be y(-3). Calculate the greatest common factor of i and r.
14
Let h be 3/(-6)*-35 - (-1)/2. Calculate the greatest common factor of h and 138.
6
Let y(u) = 2*u**2 - 3*u - 5. Let l be y(4). Let c(k) = -47*k - 5. Let b be c(-1). Let x be -2*b/(-12) + -2. Calculate the greatest common factor of l and x.
5
Let l = 8 + 16. Suppose -l = -3*x + 3*q, -4*q = -3*q - 4. Let h(w) = -w**2 + 15*w - 27. Let c be h(x). Calculate the highest common factor of c and 27.
9
Suppose 4*y + 2*f = 179 + 565, 4*y = 4*f + 732. Suppose 79 = 2*x - 5*o, 202 = 5*x + 2*o + 19. Calculate the highest common divisor of y and x.
37
Suppose -213 = -y + 2*o + 93, 3*o = 3*y - 909. Calculate the greatest common divisor of 180 and y.
60
Let j be (3322/(-44) + -22)*(-4)/6. Calculate the greatest common divisor of 3835 and j.
65
Suppose 3*t - 440 - 976 = 0. Suppose -t - 548 = -6*k. Suppose 76 = 5*a + 3*s, a = s + 10 + 10. Calculate the greatest common factor of k and a.
17
Suppose 3*n - 4*u - 18 = 5*n, -18 = -3*n + 3*u. Calculate the greatest common divisor of n and 32.
1
Suppose 7*k + 4*y - 129 = 2*k, 4*y = -k + 13. Let r = -13 + k. Calculate the highest common factor of 32 and r.
16
Let u be (1/2)/((52/48)/13). Let x be 6/18 - u/(-9). Calculate the greatest common factor of 1 and x.
1
Let b = -54 + 57. Suppose -4*u + 84 = -4*o, 2*u - o + 11 = b*u. What is the highest common factor of u and 24?
8
Suppose 0 = 3*w + 2*s + s - 51, -2*w + 2*s = -14. Let h = -14 + 8. Let f be -4*2*99/h. Calculate the greatest common factor of w and f.
12
Suppose 4*m + 92 = 4*b, 0*b + 3*m = 2*b - 49. Let x = -25 + 39. Let p = x + -9. What is the highest common factor of p and b?
5
Let o = 1 - -15. Let k be 38 + (-3 - -2 - 1). Let z be 6/(-4)*k/(-27). Calculate the greatest common factor of o and z.
2
Let f be (-7 - (-55 + -2))/2. Calculate the greatest common factor of f and 25.
25
Let p(v) = 3*v**2 + 12*v + 4. Let h be p(-6). Let j = 69 - h. Calculate the highest common factor of j and 145.
29
Let h(b) = -88*b - 179. Let a be h(-7). Calculate the highest common factor of 69 and a.
23
Let c(t) = -t + 7. Let l be c(4). Suppose -l*o + 422 = -5*x, -3*o + 526 = -3*x + 100. What is the greatest common divisor of o and 18?
18
Let a = 45 + -27. Let v(x) = x**3 + 48*x**2 - 45*x + 208. Let s be v(-49). Calculate the highest common divisor of a and s.
6
Let u be ((30/(-21))/1)/(3/(-273)). Calculate the greatest 